ainder when 6596 is divided by 23.
18
Calculate the remainder when 39472 is divided by 13145.
37
Calculate the remainder when 8624 is divided by 52.
44
What is the remainder when 59083 is divided by 1228?
139
Calculate the remainder when 34010 is divided by 6802.
0
Calculate the remainder when 12679 is divided by 34.
31
Calculate the remainder when 8369 is divided by 419.
408
What is the remainder when 7409 is divided by 1840?
49
What is the remainder when 296 is divided by 146?
4
Calculate the remainder when 33370 is divided by 221.
220
Calculate the remainder when 34219 is divided by 4887.
10
What is the remainder when 3238 is divided by 194?
134
Calculate the remainder when 11731 is divided by 55.
16
What is the remainder when 16595 is divided by 876?
827
Calculate the remainder when 6630 is divided by 217.
120
Calculate the remainder when 27215 is divided by 31.
28
What is the remainder when 12217 is divided by 2330?
567
What is the remainder when 29443 is divided by 79?
55
Calculate the remainder when 79481 is divided by 6623.
5
What is the remainder when 3834148 is divided by 44?
32
Calculate the remainder when 67452 is divided by 65.
47
Calculate the remainder when 50966 is divided by 13.
6
What is the remainder when 210476 is divided by 4384?
44
What is the remainder when 5611 is divided by 295?
6
Calculate the remainder when 5579 is divided by 42.
35
What is the remainder when 1470430 is divided by 33?
16
What is the remainder when 249597 is divided by 200?
197
What is the remainder when 53195 is divided by 933?
14
Calculate the remainder when 34804 is divided by 17402.
0
What is the remainder when 81689 is divided by 277?
251
Calculate the remainder when 75295 is divided by 416.
415
What is the remainder when 16058 is divided by 63?
56
Calculate the remainder when 5267 is divided by 5259.
8
Calculate the remainder when 59931 is divided by 1712.
11
What is the remainder when 66050 is divided by 196?
194
Calculate the remainder when 57204 is divided by 1079.
17
Calculate the remainder when 11571 is divided by 3783.
222
What is the remainder when 5179 is divided by 5169?
10
What is the remainder when 21779 is divided by 60?
59
What is the remainder when 177904 is divided by 149?
147
Calculate the remainder when 96411 is divided by 1483.
16
What is the remainder when 23989 is divided by 1498?
21
What is the remainder when 174799 is divided by 400?
399
What is the remainder when 422615 is divided by 244?
7
What is the remainder when 526 is divided by 243?
40
What is the remainder when 121174 is divided by 306?
304
What is the remainder when 7724 is divided by 92?
88
Calculate the remainder when 12601174 is divided by 749.
747
Calculate the remainder when 17023 is divided by 32.
31
What is the remainder when 30806 is divided by 4383?
125
Calculate the remainder when 2502 is divided by 208.
6
What is the remainder when 27281 is divided by 321?
317
What is the remainder when 2302 is divided by 2238?
64
Calculate the remainder when 307256 is divided by 61.
60
What is the remainder when 101566 is divided by 260?
166
What is the remainder when 9316 is divided by 47?
10
What is the remainder when 5375 is divided by 65?
45
What is the remainder when 3456 is divided by 84?
12
Calculate the remainder when 31601 is divided by 59.
36
What is the remainder when 7297 is divided by 137?
36
Calculate the remainder when 31938 is divided by 41.
40
Calculate the remainder when 896 is divided by 447.
2
Calculate the remainder when 261 is divided by 12.
9
What is the remainder when 1618 is divided by 231?
1
Calculate the remainder when 644757 is divided by 1620.
1617
What is the remainder when 63947 is divided by 57?
50
What is the remainder when 15648 is divided by 182?
178
Calculate the remainder when 323037 is divided by 613.
599
Calculate the remainder when 85383 is divided by 28459.
6
Calculate the remainder when 1414395 is divided by 103.
102
What is the remainder when 3607 is divided by 594?
43
What is the remainder when 4182 is divided by 53?
48
What is the remainder when 18242 is divided by 3?
2
Calculate the remainder when 117936 is divided by 541.
539
What is the remainder when 2130 is divided by 457?
302
What is the remainder when 37370 is divided by 597?
356
What is the remainder when 57777 is divided by 28812?
153
What is the remainder when 499 is divided by 103?
87
Calculate the remainder when 79486 is divided by 552.
550
What is the remainder when 6856 is divided by 245?
241
Calculate the remainder when 12012 is divided by 1904.
588
What is the remainder when 106315 is divided by 102?
31
What is the remainder when 1609 is divided by 29?
14
What is the remainder when 87209 is divided by 6?
5
What is the remainder when 4472 is divided by 751?
717
What is the remainder when 1018 is divided by 404?
210
What is the remainder when 30093 is divided by 2149?
7
Calculate the remainder when 85610 is divided by 402.
386
What is the remainder when 404273 is divided by 211?
208
What is the remainder when 27180 is divided by 325?
205
Calculate the remainder when 2621582 is divided by 471.
467
Calculate the remainder when 47527 is divided by 50.
27
What is the remainder when 369718 is divided by 120?
118
Calculate the remainder when 4751 is divided by 1047.
563
What is the remainder when 5686 is divided by 1134?
16
What is the remainder when 7148 is divided by 647?
31
What is the remainder when 10534 is divided by 329?
6
Calculate the remainder when 9313 is divided by 139.
0
Calculate the remainder when 9479 is divided by 1891.
24
Calculate the remainder when 6716 is divided by 49.
3
Calculate the remainder when 4430 is divided by 512.
334
Calculate the remainder when 67713 is divided by 589.
567
Calculate the remainder when 5983 is divided by 2971.
41
Calculate the remainder when 162809 is divided by 636.
629
Calculate the remainder when 850 is divided by 202.
42
Calculate the remainder when 33488 is divided by 16684.
120
What is the remainder when 5907 is divided by 91?
83
Calculate the remainder when 740 is divided by 231.
47
What is the remainder when 267502 is divided by 53500?
2
What is the remainder when 1298 is divided by 17?
6
Calculate the remainder when 3820 is divided by 109.
5
Calculate the remainder when 6551 is divided by 4.
3
What is the remainder when 2271 is divided by 1062?
147
What is the remainder when 286330 is divided by 143165?
0
What is the remainder when 454 is divided by 285?
169
What is the remainder when 13705 is divided by 165?
10
What is the remainder when 5119 is divided by 152?
103
Calculate the remainder when 442186 is divided by 1026.
1006
Calculate the remainder when 37854 is divided by 182.
180
Calculate the remainder when 43517 is divided by 5.
2
What is the remainder when 884893 is divided by 17?
9
What is the remainder when 15421 is divided by 49?
35
What is the remainder when 18670 is divided by 204?
106
Calculate the remainder when 5910 is divided by 34.
28
Calculate the remainder when 13430 is divided by 1492.
2
Calculate the remainder when 11285 is divided by 14.
1
Calculate the remainder when 37106 is divided by 18544.
18
Calculate the remainder when 14476 is divided by 91.
7
Calculate the remainder when 645434 is divided by 379.
376
What is the remainder when 14630 is divided by 3474?
734
What is the remainder when 77136 is divided by 10?
6
Calculate the remainder when 7992 is divided by 1992.
24
Calculate the remainder when 16475 is divided by 14.
11
Calculate the remainder when 2241 is divided by 1558.
683
Calculate the remainder when 91265 is divided by 11.
9
Calculate the remainder when 2434 is divided by 934.
566
Calculate the remainder when 846669 is divided by 467.
465
Calculate the remainder when 67436 is divided by 22476.
8
What is the remainder when 2960 is divided by 8?
0
Calculate the remainder when 27532 is divided by 340.
332
Calculate the remainder when 8690 is divided by 199.
133
Calculate the remainder when 12977 is divided by 2593.
12
Calculate the remainder when 36682 is divided by 814.
52
Calculate the remainder when 125694 is divided by 1571.
14
What is the remainder when 20206 is divided by 721?
18
What is the remainder when 5106 is divided by 43?
32
What is the remainder when 173547 is